s the units digit of p?
6
Suppose 0 = -4*j - 6*x + 44707 - 2323, 5*j + 3*x - 52989 = 0. What is the ten thousands digit of j?
1
Suppose -20 = 3*j + 2*j - 5*i, 0 = -4*j + i - 22. Let b(w) = -w**3 + 7*w**2 + 21*w - 8. What is the units digit of b(j)?
4
Let x be (3220 - -8) + 12/(-4). Let m = x + -1951. What is the tens digit of m?
7
Suppose -3*d = -4*b + 12828, -4*d = d - 20. What is the hundreds digit of b?
2
Let y = 34434 + -19478. What is the ten thousands digit of y?
1
Let z(d) = d**2 + 18*d + 25. Suppose 5*b + 4*b = 198. Suppose -4*n - 66 = 3*a + 11, -2*n + 4*a = b. What is the units digit of z(n)?
8
Let v be ((-9327)/15)/((-11)/110). Suppose -1756 = -9*q + v. What is the tens digit of q?
8
Let s(w) = -w**3 + 37*w**2 + 65*w - 89. What is the units digit of s(36)?
7
Suppose 0 = 7*x - 6 - 8. Let c be ((-882)/((-6)/x))/((-18)/(-24)). Suppose -3*v + c = 110. What is the tens digit of v?
9
Suppose -2*g - 14 = 0, 4*j - 14*g + 1752 - 5826 = 0. What is the units digit of j?
4
Suppose -5*l = 5*j - 8951 + 2096, j - 3*l = 1371. What is the hundreds digit of j?
3
Let f = -2 - -3. Let z = f + 2. Suppose 86 = 2*g - 2*m, 135 = -0*g + z*g - 5*m. What is the units digit of g?
0
Let h be 27/(-6) + (-3)/(-6). What is the units digit of 12/1*(10 + 22/h)?
4
Let o = -4088 + 19167. What is the hundreds digit of o?
0
Let s(z) = -49*z + 157. What is the units digit of s(2)?
9
Let j be ((-12)/(-18))/((-1)/(-6)*1). Suppose -j*z = -9*z - 5. What is the tens digit of (-65)/z + 4*(-9)/(-12)?
6
What is the thousands digit of 28 + 26713 + 93/(-18) + 3/18?
6
Let p(i) = 2*i**2 - 2*i + 229. Let w(j) = -19*j - 95. Let u be w(-5). What is the units digit of p(u)?
9
Let g be 434 + (1 - 0)*2. Let z = 1894 - 1251. Let t = z - g. What is the tens digit of t?
0
Suppose -m - 2*y + 9426 = -13923, 70103 = 3*m - 2*y. What is the hundreds digit of m?
3
What is the hundreds digit of (-3 + -3 - 138/23) + 57057?
0
Let c(j) = -5*j - 33. Let m be c(-7). Let t(z) = 4*z**2 - 3*z - 2. Let y be t(-2). Suppose -y = m*p - 3*p. What is the units digit of p?
0
Suppose 0 = -3*d - 518 + 197. Let x = 583 + d. What is the tens digit of x?
7
Suppose 4*b - 3*f - 131682 = -4*f, 3*f = -2*b + 65836. What is the hundreds digit of b?
9
Let h(v) = -v**3 - 5*v**2 + 8*v + 17. Let o be h(-6). Suppose -18 = -6*d + o*d. What is the units digit of (-20)/(-25)*(d/4 - 2)?
2
Let n be (2 + -14)*4/((-32)/14). Suppose 10*c = n*c - 10351. What is the tens digit of c?
4
What is the units digit of (124149/(-2))/((-1)/1 - 44/88)?
3
Let h be 0/(6/(-12 - -6)). Suppose h*w - 2*w = -4*a - 288, 5*w - 4*a - 720 = 0. What is the hundreds digit of w?
1
Let w(s) = 7000*s**3 + 5*s**2 - 8 - 2*s**2 + 9*s**2 + 12*s - 6999*s**3 + 0. Let z(c) = -2*c**2 + 5*c + 2. Let y be z(4). What is the units digit of w(y)?
2
Let n(f) = 18 + 7*f**3 + 16*f**2 - 19*f + 17*f**2 - 35*f**2 - 6*f**3. What is the units digit of n(8)?
0
Suppose -46 = 5*r - 26. Let x = 148 - r. What is the tens digit of x?
5
Suppose 3*j - 5*j - y = -7418, 14844 = 4*j + 4*y. What is the tens digit of j?
0
Suppose -10*b - 5535 + 62424 = -29391. What is the hundreds digit of b?
6
Suppose 2*c + 3 = f, 5 = 4*f - 7. Suppose 1160 = 4*r + 4*v, -r - v - 3*v + 293 = 0. Suppose -6*h + r + 251 = c. What is the units digit of h?
0
Let k(j) = -7*j - 4*j + 7*j + j**2 + 2. Let d be k(1). What is the tens digit of 122 - (0 + d - -3)?
2
Let s be (-1 - 14/(-6))/(21/189). What is the units digit of (s/14)/((-66342)/(-5103) - 13)?
8
Let y = 42975 + -17259. What is the ten thousands digit of y?
2
Let f(i) be the second derivative of -7*i**5/20 + i**4/12 - 3*i**3/2 - 2*i**2 + 6*i. Let k be f(3). Let y = -113 - k. What is the units digit of y?
8
Suppose -58467 = -3*i + o, -4*o = -i - 2*o + 19494. What is the thousands digit of i?
9
Suppose j + 100 = 3*b - 282, 0 = -4*b + 8. Let o = -239 - j. What is the hundreds digit of o?
1
Suppose 2*q - 10 = -0, 5*s - 4*q + 30 = 0. What is the tens digit of 125 - 5 - ((-1 - s) + 0)?
1
Suppose -4*d = d - 10. Let j be (-1)/(1/(-6)*d). Suppose -b - j*g = -47, -4*g - 56 = 3*b - 192. What is the tens digit of b?
4
Suppose -423179 = -193*k + 518468. What is the hundreds digit of k?
8
Let z(u) = -u**3 + u**2 - 8*u - 22. Let d be z(-5). Let s = 478 - d. What is the tens digit of s?
1
Let p(a) = 49*a**3 + a**2 + 42*a - 548. What is the thousands digit of p(10)?
8
Suppose 2*k - 98795 = -3*m - 7216, 2*k = 7*m - 213631. What is the tens digit of m?
2
Suppose 5*v = -43 + 173. Let k be 23*(1 - -25)*13/v. What is the tens digit of 4/(-22) - k/(-11)?
2
What is the thousands digit of ((-45)/12)/5 - 3168975/(-116)?
7
Let v = 1652 + 2038. What is the thousands digit of v?
3
Let m(f) = -26*f + 9. Let w(l) = -77*l + 27. Let g(t) = -17*m(t) + 6*w(t). Suppose 144 = -8*x + 96. What is the hundreds digit of g(x)?
1
Let o = 29263 + -14784. What is the tens digit of o?
7
Let f = -20 + 70. Suppose 2*l - l - 17 = -2*j, -5*j - l = -f. What is the tens digit of (j/(-22))/((-2)/52)?
1
Let g = -252 + 255. Suppose -4*b + 4*h = -596, 533 - 80 = 3*b + g*h. What is the units digit of b?
0
Suppose 54209 = 3*n + r + 19401, -3*n + 34810 = 2*r. What is the thousands digit of n?
1
What is the hundreds digit of (((-15)/18)/(1/3902))/(13495/(-340074))?
9
Let d = -33 - -33. Suppose 4*p - 1 + 95 = h, d = 3*h - 5*p - 254. What is the tens digit of h?
7
Suppose -2*n + 1 = -7. Suppose -5*u - h = -17, 0*u - 4*u - n*h = -4. What is the units digit of ((-14)/u)/(6/(-12))?
7
Suppose -f - i = -539 - 798, 4*i = 0. Suppose 0 = -31*n + 18666 - f. What is the hundreds digit of n?
5
Suppose -4*a + 640 + 812 = -4*s, s + 348 = -2*a. What is the hundreds digit of (2 + -1)/(1431/s - -4)?
3
Let q(s) = 491*s**2 + 14*s + 13. Let f be -2*(-4 + 5) + 1. What is the tens digit of q(f)?
9
Suppose 0 = 4*m + 3*k - 23986, -30*m = -25*m - 4*k - 29967. What is the units digit of m?
5
Let k(x) be the second derivative of x**4/4 + 7*x**3/6 + x**2/2 - 4*x - 11. What is the units digit of k(12)?
7
Suppose -2*i - 3*i = -v + 1219, 4*v = i + 259. Let z = 84 + i. Let b = z - -266. What is the units digit of b?
7
Let u = -600 + 288. What is the hundreds digit of u/(-208)*-1*3448/(-6)?
8
Let s = 10 + 8. Suppose s + 5 = w + 2*j, -4*w + 104 = 4*j. Let b(g) = -g**3 + 29*g**2 + 2*g + 32. What is the tens digit of b(w)?
9
Let k = -12920 - -24485. What is the units digit of k?
5
Let u(i) = -2. Let b(g) = 82*g + 169. Let f(o) = -b(o) - 3*u(o). What is the units digit of f(-11)?
9
Let q(w) = 6*w**2 + 15*w - 24. Let u be q(-11). Suppose -u = -2*g + t, -3*g + 808 = -4*t - 0*t. What is the tens digit of g?
6
Let c be -1 - -511 - 0/(3 - -1). Suppose -26*s + 24*s = c. Let r = -61 - s. What is the units digit of r?
4
Let g(m) = -4*m**2 + 2*m - 4. Suppose -q = j - 7, q + 5 = -j + 4*j. Let l be g(q). Let x = 76 + l. What is the units digit of x?
6
Let p(t) = t**2 + 5*t - 2. Let j be p(-8). Let u = 27 - j. Suppose u*f - 136 = 244. What is the units digit of f?
6
Let q(g) = 0 - 2*g - 10*g + 8 + 401*g**2 + 500*g**2 + 5. What is the units digit of q(1)?
2
Let z(k) = 2*k + 15. Let o be z(-6). Let f = o - -23. Suppose -b + f = -0. What is the tens digit of b?
2
Let v(t) = 3*t**2 + 9. Let g be v(-4). Let s = 55 - g. What is the tens digit of 656/7 + s/(-7)?
9
Let b(d) = 1370*d**2 + 40*d + 52. What is the thousands digit of b(-6)?
9
Let z(s) = 65*s**2 - 210*s + 1737. What is the tens digit of z(8)?
1
Let b = -446 - -894. Let u = 1208 - b. What is the tens digit of u?
6
Suppose 3*l = 7*l - 4680. Let o = 87 + -73. Suppose t + o*t = l. What is the units digit of t?
8
Suppose 5*f - 1031 = -2*q + 1995, 3*f = -q + 1511. Let k = -717 + q. What is the hundreds digit of k?
8
Let g be 10*1*(-336)/32. Let c = 640 - g. What is the hundreds digit of c?
7
What is the tens digit of (-5)/((-20)/(-12))*-5170?
1
Let l = 8 - 2. Suppose -l*j - 2976 = -318. Let a = -233 - j. What is the hundreds digit of a?
2
Suppose 26*o - 25228 - 12727 = -8003. What is the units digit of o?
2
Suppose 5*c = -5*n + 225, 4*n - 24 + 164 = 4*c. What is the thousands digit of c/30*-1018*3/(-4)?
1
Suppose 5*b + 6*w - 23 = 3*w, -5*b + 5*w = -15. Suppose o = 4*a + 53, -a + b*a = -o - 45. What is the tens digit of a/42 + (-560)/(-6)?
9
Let b be 5/20 - (-123)/4. Let n = b - 31. Suppose n*q = -3*q + 5*u + 511, -4*q = 